What are the prime factors of 7111?
13, 547
What are the prime factors of 6430?
2, 5, 643
List the prime factors of 889.
7, 127
What are the prime factors of 1198?
2, 599
What are the prime factors of 2299?
11, 19
What are the prime factors of 81050?
2, 5, 1621
What are the prime factors of 9766?
2, 19, 257
List the prime factors of 740.
2, 5, 37
What are the prime factors of 19948?
2, 4987
List the prime factors of 3489.
3, 1163
List the prime factors of 122847.
3, 40949
List the prime factors of 545.
5, 109
List the prime factors of 18596.
2, 4649
List the prime factors of 139.
139
What are the prime factors of 462?
2, 3, 7, 11
What are the prime factors of 386?
2, 193
What are the prime factors of 1019?
1019
What are the prime factors of 348?
2, 3, 29
List the prime factors of 1598.
2, 17, 47
List the prime factors of 103074.
2, 3, 41, 419
What are the prime factors of 606?
2, 3, 101
List the prime factors of 2549.
2549
List the prime factors of 4425.
3, 5, 59
What are the prime factors of 9545?
5, 23, 83
List the prime factors of 10868.
2, 11, 13, 19
List the prime factors of 78943.
89, 887
List the prime factors of 99861.
3, 33287
What are the prime factors of 884?
2, 13, 17
What are the prime factors of 1295?
5, 7, 37
List the prime factors of 53303.
151, 353
List the prime factors of 172.
2, 43
What are the prime factors of 6870?
2, 3, 5, 229
What are the prime factors of 710?
2, 5, 71
What are the prime factors of 44723?
7, 6389
What are the prime factors of 1478?
2, 739
What are the prime factors of 13403?
13, 1031
List the prime factors of 1119.
3, 373
What are the prime factors of 3547?
3547
What are the prime factors of 924?
2, 3, 7, 11
List the prime factors of 192680.
2, 5, 4817
List the prime factors of 4340.
2, 5, 7, 31
What are the prime factors of 8869?
7, 181
List the prime factors of 15427.
15427
What are the prime factors of 1154?
2, 577
What are the prime factors of 1415?
5, 283
What are the prime factors of 13031?
83, 157
List the prime factors of 31917.
3, 10639
List the prime factors of 16822.
2, 13, 647
What are the prime factors of 5053?
31, 163
What are the prime factors of 3873?
3, 1291
What are the prime factors of 1284?
2, 3, 107
What are the prime factors of 2712?
2, 3, 113
What are the prime factors of 47839?
11, 4349
List the prime factors of 571.
571
List the prime factors of 1520.
2, 5, 19
List the prime factors of 68322.
2, 3, 59, 193
List the prime factors of 29.
29
List the prime factors of 2072.
2, 7, 37
List the prime factors of 15863.
29, 547
List the prime factors of 53101.
53101
List the prime factors of 39098.
2, 113, 173
What are the prime factors of 879?
3, 293
What are the prime factors of 85902?
2, 3, 103, 139
List the prime factors of 1170.
2, 3, 5, 13
List the prime factors of 4141.
41, 101
List the prime factors of 22995.
3, 5, 7, 73
List the prime factors of 8303.
19, 23
List the prime factors of 11403.
3, 7, 181
What are the prime factors of 1053?
3, 13
List the prime factors of 17003.
7, 347
List the prime factors of 17531.
47, 373
List the prime factors of 30359.
7, 4337
What are the prime factors of 44457?
3, 7, 29, 73
List the prime factors of 27272.
2, 7, 487
What are the prime factors of 27791?
27791
What are the prime factors of 33514?
2, 13, 1289
What are the prime factors of 1003?
17, 59
What are the prime factors of 9968?
2, 7, 89
List the prime factors of 1054.
2, 17, 31
What are the prime factors of 47437?
13, 41, 89
What are the prime factors of 214?
2, 107
List the prime factors of 482.
2, 241
List the prime factors of 139910.
2, 5, 17, 823
What are the prime factors of 139237?
7, 19891
List the prime factors of 607.
607
List the prime factors of 1318.
2, 659
List the prime factors of 14160.
2, 3, 5, 59
What are the prime factors of 17262?
2, 3, 7, 137
List the prime factors of 1974.
2, 3, 7, 47
List the prime factors of 1325.
5, 53
What are the prime factors of 3620?
2, 5, 181
What are the prime factors of 1603?
7, 229
What are the prime factors of 1948?
2, 487
What are the prime factors of 25601?
25601
List the prime factors of 135977.
135977
List the prime factors of 7737.
3, 2579
What are the prime factors of 8145?
3, 5, 181
List the prime factors of 1338.
2, 3, 223
What are the prime factors of 1847?
1847
What are the prime factors of 10157?
7, 1451
List the prime factors of 7903.
7, 1129
List the prime factors of 3411.
3, 379
List the prime factors of 694.
2, 347
What are the prime factors of 3778?
2, 1889
List the prime factors of 6497.
73, 89
What are the prime factors of 17484?
2, 3, 31, 47
List the prime factors of 2346.
2, 3, 17, 23
List the prime factors of 22872.
2, 3, 953
List the prime factors of 919.
919
What are the prime factors of 681?
3, 227
List the prime factors of 86690.
2, 5, 8669
What are the prime factors of 206?
2, 103
What are the prime factors of 21?
3, 7
What are the prime factors of 31002?
2, 3, 5167
What are the prime factors of 73153?
191, 383
List the prime factors of 59501.
13, 23, 199
What are the prime factors of 12038?
2, 13, 463
List the prime factors of 1555.
5, 311
List the prime factors of 9511.
9511
List the prime factors of 4314.
2, 3, 719
List the prime factors of 32052.
2, 3, 2671
List the prime factors of 2684.
2, 11, 61
List the prime factors of 1575.
3, 5, 7
List the prime factors of 239.
239
What are the prime factors of 4447?
4447
List the prime factors of 1639.
11, 149
What are the prime factors of 4210?
2, 5, 421
List the prime factors of 1869.
3, 7, 89
What are the prime factors of 25000?
2, 5
What are the prime factors of 3012?
2, 3, 251
List the prime factors of 1292.
2, 17, 19
List the prime factors of 51297.
3, 17099
What are the prime factors of 32407?
23, 1409
What are the prime factors of 1589?
7, 227
What are the prime factors of 43982?
2, 21991
List the prime factors of 737.
11, 67
List the prime factors of 58965.
3, 5, 3931
What are the prime factors of 2432?
2, 19
What are the prime factors of 19290?
2, 3, 5, 643
What are the prime factors of 11553?
3, 3851
List the prime factors of 8072.
2, 1009
List the prime factors of 2081.
2081
What are the prime factors of 6356?
2, 7, 227
What are the prime factors of 5063?
61, 83
List the prime factors of 103405.
5, 20681
List the prime factors of 1916.
2, 479
List the prime factors of 1643.
31, 53
What are the prime factors of 3996?
2, 3, 37
List the prime factors of 2742.
2, 3, 457
What are the prime factors of 9162?
2, 3, 509
List the prime factors of 42893.
59, 727
List the prime factors of 42843.
3, 14281
What are the prime factors of 4633?
41, 113
List the prime factors of 1186.
2, 593
List the prime factors of 67002.
2, 3, 13, 859
List the prime factors of 146388.
2, 3, 11, 1109
What are the prime factors of 5033?
7, 719
What are the prime factors of 2097?
3, 233
List the prime factors of 32593.
11, 2963
List the prime factors of 175.
5, 7
What are the prime factors of 5238?
2, 3, 97
List the prime factors of 16511.
11, 19, 79
List the prime factors of 1388.
2, 347
What are the prime factors of 840?
2, 3, 5, 7
List the prime factors of 8742.
2, 3, 31, 47
List the prime factors of 8804.
2, 31, 71
What are the prime factors of 1191?
3, 397
What are the prime factors of 29820?
2, 3, 5, 7, 71
What are the prime factors of 1670?
2, 5, 167
What are the prime factors of 16456?
2, 11, 17
What are the prime factors of 33983?
17, 1999
List the prime factors of 21405.
3, 5, 1427
List the prime factors of 105224.
2, 7, 1879
List the prime factors of 5534.
2, 2767
List the prime factors of 1081.
23, 47
List the prime factors of 534.
2, 3, 89
What are the prime factors of 2518?
2, 1259
What are the prime factors of 1447?
1447
What are the prime factors of 28503?
3, 3167
List the prime factors of 7941.
3, 2647
List the prime factors of 31631.
47, 673
What are the prime factors of 2017?
2017
List the prime factors of 1486.
2, 743
List the prime factors of 22636.
2, 5659
What are the prime factors of 11129?
31, 359
List the prime factors of 1467.
3, 163
What are the prime factors of 7006?
2, 31, 113
List the prime factors of 1504.
2, 47
List the prime factors of 9981.
3, 1109
What are the prime factors of 30523?
131, 233
List the prime factors of 7549.
7549
What are the prime f